{"id":6555,"date":"2016-01-28T17:45:47","date_gmt":"2016-01-28T16:45:47","guid":{"rendered":"http:\/\/www.bancadellacalce.it\/bdc\/?post_type=product&#038;p=6555"},"modified":"2025-03-17T17:10:23","modified_gmt":"2025-03-17T16:10:23","slug":"starter-kit-accessori","status":"publish","type":"product","link":"https:\/\/www.bancadellacalce.it\/bdc\/prodotto\/starter-kit-accessori\/","title":{"rendered":"STARTER KIT <span id=\"titolo-prodotti\"> ACCESSORI"},"content":{"rendered":"","protected":false},"excerpt":{"rendered":"<p><strong>STARTER KIT ACCESSORI CALCELATTE<\/strong>.\u00a0<strong>Con il nostro pratico Starter Kit hai tutti gli accessori indispensabili per preparare e applicare le tinte Calcelatte. Comprende:<\/strong><\/p>\n<ul>\n<li><strong>Pennello di Calce Ovale, 140X70 mm<\/strong><\/li>\n<li><strong>Mescolatore da trapano, in acciaio zincato<\/strong><\/li>\n<li><strong>Coppa Ford Densimetro,\u00a0\u2205 4 mm<\/strong><\/li>\n<li><strong>Secchio vuoto da 18 litri, con coperchio ermetico<\/strong><\/li>\n<\/ul>\n<p><strong>Tinteggiare a calce \u00e8 facile, con gli strumenti Calcelatte lo \u00e8 ancora di pi\u00f9. <\/strong><\/p>\n","protected":false},"featured_media":58411,"template":"","meta":{"_joinchat":[]},"product_brand":[],"product_cat":[56,285],"product_tag":[],"class_list":{"0":"post-6555","1":"product","2":"type-product","3":"status-publish","4":"has-post-thumbnail","6":"product_cat-accessori","7":"product_cat-accessori-strumenti","8":"entry","9":"has-media","11":"first","12":"instock","13":"shipping-taxable","14":"purchasable","15":"product-type-simple","16":"col","17":"wpex-woo-entry","18":"span_1_of_4"},"yoast_head":"<!-- This site is optimized with the Yoast SEO plugin v27.3 - https:\/\/yoast.com\/product\/yoast-seo-wordpress\/ -->\n<title>STARTER KIT | ACCESSORI - La banca della calce<\/title>\n<meta name=\"robots\" content=\"index, follow, max-snippet:-1, max-image-preview:large, max-video-preview:-1\" \/>\n<link rel=\"canonical\" href=\"https:\/\/www.bancadellacalce.it\/bdc\/prodotto\/starter-kit-accessori\/\" \/>\n<meta property=\"og:locale\" content=\"it_IT\" \/>\n<meta property=\"og:type\" content=\"article\" \/>\n<meta property=\"og:title\" content=\"STARTER KIT | ACCESSORI - La banca della calce\" \/>\n<meta property=\"og:description\" content=\"STARTER KIT ACCESSORI CALCELATTE.\u00a0Con il nostro pratico Starter Kit hai tutti gli accessori indispensabili per preparare e applicare le tinte Calcelatte. Comprende:   Pennello di Calce Ovale, 140X70 mm  Mescolatore da trapano, in acciaio zincato  Coppa Ford Densimetro,\u00a0\u2205 4 mm  Secchio vuoto da 18 litri, con coperchio ermetico  Tinteggiare a calce \u00e8 facile, con gli strumenti Calcelatte lo \u00e8 ancora di pi\u00f9.\" \/>\n<meta property=\"og:url\" content=\"https:\/\/www.bancadellacalce.it\/bdc\/prodotto\/starter-kit-accessori\/\" \/>\n<meta property=\"og:site_name\" content=\"La banca della calce\" \/>\n<meta property=\"article:publisher\" content=\"https:\/\/www.facebook.com\/La-Banca-della-Calce-223667067649398\/\" \/>\n<meta property=\"article:modified_time\" content=\"2025-03-17T16:10:23+00:00\" \/>\n<meta property=\"og:image\" content=\"https:\/\/www.bancadellacalce.it\/bdc\/wp-content\/uploads\/2022\/12\/kit_PRO_strumenti.jpg\" \/>\n\t<meta property=\"og:image:width\" content=\"800\" \/>\n\t<meta property=\"og:image:height\" content=\"800\" \/>\n\t<meta property=\"og:image:type\" content=\"image\/jpeg\" \/>\n<meta name=\"twitter:card\" content=\"summary_large_image\" \/>\n<meta name=\"twitter:label1\" content=\"Tempo di lettura stimato\" \/>\n\t<meta name=\"twitter:data1\" content=\"1 minuto\" \/>\n<script type=\"application\/ld+json\" class=\"yoast-schema-graph\">{\"@context\":\"https:\\\/\\\/schema.org\",\"@graph\":[{\"@type\":\"WebPage\",\"@id\":\"https:\\\/\\\/www.bancadellacalce.it\\\/bdc\\\/prodotto\\\/starter-kit-accessori\\\/\",\"url\":\"https:\\\/\\\/www.bancadellacalce.it\\\/bdc\\\/prodotto\\\/starter-kit-accessori\\\/\",\"name\":\"STARTER KIT | ACCESSORI - La banca della calce\",\"isPartOf\":{\"@id\":\"https:\\\/\\\/www.bancadellacalce.it\\\/bdc\\\/#website\"},\"primaryImageOfPage\":{\"@id\":\"https:\\\/\\\/www.bancadellacalce.it\\\/bdc\\\/prodotto\\\/starter-kit-accessori\\\/#primaryimage\"},\"image\":{\"@id\":\"https:\\\/\\\/www.bancadellacalce.it\\\/bdc\\\/prodotto\\\/starter-kit-accessori\\\/#primaryimage\"},\"thumbnailUrl\":\"https:\\\/\\\/www.bancadellacalce.it\\\/bdc\\\/wp-content\\\/uploads\\\/2022\\\/12\\\/kit_PRO_strumenti.jpg\",\"datePublished\":\"2016-01-28T16:45:47+00:00\",\"dateModified\":\"2025-03-17T16:10:23+00:00\",\"breadcrumb\":{\"@id\":\"https:\\\/\\\/www.bancadellacalce.it\\\/bdc\\\/prodotto\\\/starter-kit-accessori\\\/#breadcrumb\"},\"inLanguage\":\"it-IT\",\"potentialAction\":[{\"@type\":\"ReadAction\",\"target\":[\"https:\\\/\\\/www.bancadellacalce.it\\\/bdc\\\/prodotto\\\/starter-kit-accessori\\\/\"]}]},{\"@type\":\"ImageObject\",\"inLanguage\":\"it-IT\",\"@id\":\"https:\\\/\\\/www.bancadellacalce.it\\\/bdc\\\/prodotto\\\/starter-kit-accessori\\\/#primaryimage\",\"url\":\"https:\\\/\\\/www.bancadellacalce.it\\\/bdc\\\/wp-content\\\/uploads\\\/2022\\\/12\\\/kit_PRO_strumenti.jpg\",\"contentUrl\":\"https:\\\/\\\/www.bancadellacalce.it\\\/bdc\\\/wp-content\\\/uploads\\\/2022\\\/12\\\/kit_PRO_strumenti.jpg\",\"width\":800,\"height\":800},{\"@type\":\"BreadcrumbList\",\"@id\":\"https:\\\/\\\/www.bancadellacalce.it\\\/bdc\\\/prodotto\\\/starter-kit-accessori\\\/#breadcrumb\",\"itemListElement\":[{\"@type\":\"ListItem\",\"position\":1,\"name\":\"Home\",\"item\":\"https:\\\/\\\/www.bancadellacalce.it\\\/bdc\\\/\"},{\"@type\":\"ListItem\",\"position\":2,\"name\":\"Prodotti\",\"item\":\"https:\\\/\\\/www.bancadellacalce.it\\\/bdc\\\/calcelatte\\\/prodotti\\\/\"},{\"@type\":\"ListItem\",\"position\":3,\"name\":\"STARTER KIT ACCESSORI\"}]},{\"@type\":\"WebSite\",\"@id\":\"https:\\\/\\\/www.bancadellacalce.it\\\/bdc\\\/#website\",\"url\":\"https:\\\/\\\/www.bancadellacalce.it\\\/bdc\\\/\",\"name\":\"La banca della calce\",\"description\":\"Costruire per natura\",\"publisher\":{\"@id\":\"https:\\\/\\\/www.bancadellacalce.it\\\/bdc\\\/#organization\"},\"potentialAction\":[{\"@type\":\"SearchAction\",\"target\":{\"@type\":\"EntryPoint\",\"urlTemplate\":\"https:\\\/\\\/www.bancadellacalce.it\\\/bdc\\\/?s={search_term_string}\"},\"query-input\":{\"@type\":\"PropertyValueSpecification\",\"valueRequired\":true,\"valueName\":\"search_term_string\"}}],\"inLanguage\":\"it-IT\"},{\"@type\":\"Organization\",\"@id\":\"https:\\\/\\\/www.bancadellacalce.it\\\/bdc\\\/#organization\",\"name\":\"La Banca della Calce\",\"url\":\"https:\\\/\\\/www.bancadellacalce.it\\\/bdc\\\/\",\"logo\":{\"@type\":\"ImageObject\",\"inLanguage\":\"it-IT\",\"@id\":\"https:\\\/\\\/www.bancadellacalce.it\\\/bdc\\\/#\\\/schema\\\/logo\\\/image\\\/\",\"url\":\"https:\\\/\\\/www.bancadellacalce.it\\\/bdc\\\/wp-content\\\/uploads\\\/2016\\\/01\\\/logo-labancadellacalce.png\",\"contentUrl\":\"https:\\\/\\\/www.bancadellacalce.it\\\/bdc\\\/wp-content\\\/uploads\\\/2016\\\/01\\\/logo-labancadellacalce.png\",\"width\":729,\"height\":125,\"caption\":\"La Banca della Calce\"},\"image\":{\"@id\":\"https:\\\/\\\/www.bancadellacalce.it\\\/bdc\\\/#\\\/schema\\\/logo\\\/image\\\/\"},\"sameAs\":[\"https:\\\/\\\/www.facebook.com\\\/La-Banca-della-Calce-223667067649398\\\/\",\"https:\\\/\\\/www.instagram.com\\\/labancadellacalce\\\/\",\"https:\\\/\\\/www.linkedin.com\\\/company\\\/19183447\"]}]}<\/script>\n<!-- \/ Yoast SEO plugin. -->","yoast_head_json":{"title":"STARTER KIT | ACCESSORI - La banca della calce","robots":{"index":"index","follow":"follow","max-snippet":"max-snippet:-1","max-image-preview":"max-image-preview:large","max-video-preview":"max-video-preview:-1"},"canonical":"https:\/\/www.bancadellacalce.it\/bdc\/prodotto\/starter-kit-accessori\/","og_locale":"it_IT","og_type":"article","og_title":"STARTER KIT | ACCESSORI - La banca della calce","og_description":"STARTER KIT ACCESSORI CALCELATTE.\u00a0Con il nostro pratico Starter Kit hai tutti gli accessori indispensabili per preparare e applicare le tinte Calcelatte. Comprende:   Pennello di Calce Ovale, 140X70 mm  Mescolatore da trapano, in acciaio zincato  Coppa Ford Densimetro,\u00a0\u2205 4 mm  Secchio vuoto da 18 litri, con coperchio ermetico  Tinteggiare a calce \u00e8 facile, con gli strumenti Calcelatte lo \u00e8 ancora di pi\u00f9.","og_url":"https:\/\/www.bancadellacalce.it\/bdc\/prodotto\/starter-kit-accessori\/","og_site_name":"La banca della calce","article_publisher":"https:\/\/www.facebook.com\/La-Banca-della-Calce-223667067649398\/","article_modified_time":"2025-03-17T16:10:23+00:00","og_image":[{"width":800,"height":800,"url":"https:\/\/www.bancadellacalce.it\/bdc\/wp-content\/uploads\/2022\/12\/kit_PRO_strumenti.jpg","type":"image\/jpeg"}],"twitter_card":"summary_large_image","twitter_misc":{"Tempo di lettura stimato":"1 minuto"},"schema":{"@context":"https:\/\/schema.org","@graph":[{"@type":"WebPage","@id":"https:\/\/www.bancadellacalce.it\/bdc\/prodotto\/starter-kit-accessori\/","url":"https:\/\/www.bancadellacalce.it\/bdc\/prodotto\/starter-kit-accessori\/","name":"STARTER KIT | ACCESSORI - La banca della calce","isPartOf":{"@id":"https:\/\/www.bancadellacalce.it\/bdc\/#website"},"primaryImageOfPage":{"@id":"https:\/\/www.bancadellacalce.it\/bdc\/prodotto\/starter-kit-accessori\/#primaryimage"},"image":{"@id":"https:\/\/www.bancadellacalce.it\/bdc\/prodotto\/starter-kit-accessori\/#primaryimage"},"thumbnailUrl":"https:\/\/www.bancadellacalce.it\/bdc\/wp-content\/uploads\/2022\/12\/kit_PRO_strumenti.jpg","datePublished":"2016-01-28T16:45:47+00:00","dateModified":"2025-03-17T16:10:23+00:00","breadcrumb":{"@id":"https:\/\/www.bancadellacalce.it\/bdc\/prodotto\/starter-kit-accessori\/#breadcrumb"},"inLanguage":"it-IT","potentialAction":[{"@type":"ReadAction","target":["https:\/\/www.bancadellacalce.it\/bdc\/prodotto\/starter-kit-accessori\/"]}]},{"@type":"ImageObject","inLanguage":"it-IT","@id":"https:\/\/www.bancadellacalce.it\/bdc\/prodotto\/starter-kit-accessori\/#primaryimage","url":"https:\/\/www.bancadellacalce.it\/bdc\/wp-content\/uploads\/2022\/12\/kit_PRO_strumenti.jpg","contentUrl":"https:\/\/www.bancadellacalce.it\/bdc\/wp-content\/uploads\/2022\/12\/kit_PRO_strumenti.jpg","width":800,"height":800},{"@type":"BreadcrumbList","@id":"https:\/\/www.bancadellacalce.it\/bdc\/prodotto\/starter-kit-accessori\/#breadcrumb","itemListElement":[{"@type":"ListItem","position":1,"name":"Home","item":"https:\/\/www.bancadellacalce.it\/bdc\/"},{"@type":"ListItem","position":2,"name":"Prodotti","item":"https:\/\/www.bancadellacalce.it\/bdc\/calcelatte\/prodotti\/"},{"@type":"ListItem","position":3,"name":"STARTER KIT ACCESSORI"}]},{"@type":"WebSite","@id":"https:\/\/www.bancadellacalce.it\/bdc\/#website","url":"https:\/\/www.bancadellacalce.it\/bdc\/","name":"La banca della calce","description":"Costruire per natura","publisher":{"@id":"https:\/\/www.bancadellacalce.it\/bdc\/#organization"},"potentialAction":[{"@type":"SearchAction","target":{"@type":"EntryPoint","urlTemplate":"https:\/\/www.bancadellacalce.it\/bdc\/?s={search_term_string}"},"query-input":{"@type":"PropertyValueSpecification","valueRequired":true,"valueName":"search_term_string"}}],"inLanguage":"it-IT"},{"@type":"Organization","@id":"https:\/\/www.bancadellacalce.it\/bdc\/#organization","name":"La Banca della Calce","url":"https:\/\/www.bancadellacalce.it\/bdc\/","logo":{"@type":"ImageObject","inLanguage":"it-IT","@id":"https:\/\/www.bancadellacalce.it\/bdc\/#\/schema\/logo\/image\/","url":"https:\/\/www.bancadellacalce.it\/bdc\/wp-content\/uploads\/2016\/01\/logo-labancadellacalce.png","contentUrl":"https:\/\/www.bancadellacalce.it\/bdc\/wp-content\/uploads\/2016\/01\/logo-labancadellacalce.png","width":729,"height":125,"caption":"La Banca della Calce"},"image":{"@id":"https:\/\/www.bancadellacalce.it\/bdc\/#\/schema\/logo\/image\/"},"sameAs":["https:\/\/www.facebook.com\/La-Banca-della-Calce-223667067649398\/","https:\/\/www.instagram.com\/labancadellacalce\/","https:\/\/www.linkedin.com\/company\/19183447"]}]}},"_links":{"self":[{"href":"https:\/\/www.bancadellacalce.it\/bdc\/wp-json\/wp\/v2\/product\/6555","targetHints":{"allow":["GET"]}}],"collection":[{"href":"https:\/\/www.bancadellacalce.it\/bdc\/wp-json\/wp\/v2\/product"}],"about":[{"href":"https:\/\/www.bancadellacalce.it\/bdc\/wp-json\/wp\/v2\/types\/product"}],"wp:featuredmedia":[{"embeddable":true,"href":"https:\/\/www.bancadellacalce.it\/bdc\/wp-json\/wp\/v2\/media\/58411"}],"wp:attachment":[{"href":"https:\/\/www.bancadellacalce.it\/bdc\/wp-json\/wp\/v2\/media?parent=6555"}],"wp:term":[{"taxonomy":"product_brand","embeddable":true,"href":"https:\/\/www.bancadellacalce.it\/bdc\/wp-json\/wp\/v2\/product_brand?post=6555"},{"taxonomy":"product_cat","embeddable":true,"href":"https:\/\/www.bancadellacalce.it\/bdc\/wp-json\/wp\/v2\/product_cat?post=6555"},{"taxonomy":"product_tag","embeddable":true,"href":"https:\/\/www.bancadellacalce.it\/bdc\/wp-json\/wp\/v2\/product_tag?post=6555"}],"curies":[{"name":"wp","href":"https:\/\/api.w.org\/{rel}","templated":true}]}}